 91. Calculate z(4).
3
Let x(w) = 14333*w + 9. Calculate x(0).
9
Let l(h) = 8*h - 43. Determine l(14).
69
Let x(s) = -277*s - 2495. What is x(-9)?
-2
Let x(u) = 40*u - 154. Give x(4).
6
Let m(c) = -617*c - 5345. Give m(-9).
208
Let q(i) = 2*i**2 - 53*i + 273. Calculate q(7).
0
Let c(m) = -335*m - 4031. Give c(-12).
-11
Let k(a) = a**2 - 160*a + 3896. Give k(130).
-4
Let q(x) = 4*x**3 + 70*x**2 + 46*x + 1478. Give q(-18).
2
Let g(z) = 12*z**2 - 765*z - 70. Give g(64).
122
Let j(t) = t**2 + 67*t + 461. Give j(-8).
-11
Let h(b) = -8460*b + 8472. Calculate h(1).
12
Let m(q) = -6561*q + 32802. Calculate m(5).
-3
Let o(p) = -p**2 - 23*p - 29. Determine o(-15).
91
Let b(n) = -66*n + 1417. Give b(22).
-35
Let g(r) = 15*r**3 + 6*r**2 - 33*r - 87. Determine g(-3).
-339
Let h(j) = j**3 + 69*j**2 + 440*j + 359. Calculate h(-62).
-13
Let x(i) = -2000*i + 7998. Determine x(4).
-2
Let u(q) = 2*q**3 - 11*q**2 - 66*q + 215. Determine u(7).
-100
Let d(g) = 2*g**3 - 15*g**2 - 61*g + 460. What is d(8)?
36
Let j(x) = x**2 - 43*x - 90. Calculate j(46).
48
Let y(t) = -170*t - 72. What is y(2)?
-412
Let l(r) = r**3 - 55*r**2 + 153*r + 212. Determine l(52).
56
Let v(j) = -10*j**3 - 173*j**2 - 49*j + 26. What is v(-17)?
-8
Let v(q) = q**2 + 62*q - 692. Give v(10).
28
Let n(r) = -869*r + 21729. Give n(25).
4
Let c(m) = -174*m - 1221. Give c(-8).
171
Let i(l) = -l**3 + 11*l**2 + 56*l - 387. Calculate i(8).
253
Let i(b) = 1020*b - 28538. Determine i(28).
22
Let g(w) = 566*w + 6648. What is g(-12)?
-144
Let t(a) = -5*a + 238. What is t(44)?
18
Let i(t) = 68*t + 10. Calculate i(-2).
-126
Let u(j) = -236*j - 655. Calculate u(-3).
53
Let c(w) = -91*w - 329. Determine c(-4).
35
Let h(p) = 28*p - 986. What is h(33)?
-62
Let j(f) = 10*f - 452. Calculate j(36).
-92
Let w(l) = 20*l**3 + 84*l**2 - 10*l - 1. Calculate w(-4).
103
Let i(m) = -8*m**2 + 77*m + 1417. What is i(19)?
-8
Let y(i) = 368*i + 7206. Give y(-19).
214
Let v(x) = x**3 - 10*x**2 - 52*x - 5. What is v(14)?
51
Let b(h) = 374*h**3 - 2*h**2 - 42*h - 42. Determine b(-1).
-376
Let o(m) = 5*m - 49. Determine o(-13).
-114
Let m(f) = -23*f - 131. Give m(-21).
352
Let x(p) = -3*p**2 - 2*p + 59. Give x(-14).
-501
Let w(h) = 4*h**3 - 54*h**2 - 31*h - 34. Determine w(14).
-76
Let m(v) = 13*v**2 + 125*v - 2557. Give m(10).
-7
Let y(t) = -7*t**2 + 281*t + 244. Calculate y(41).
-2
Let p(m) = m**2 + 234*m - 234. Calculate p(1).
1
Let a(b) = -10*b + 123. Determine a(13).
-7
Let m(r) = r**3 - 35*r**2 + 80*r - 458. What is m(33)?
4
Let g(c) = -c**3 + 17*c**2 - 50*c + 5. Give g(13).
31
Let q(u) = u**3 + 66*u**2 + 356*u - 8. What is q(-6)?
16
Let v(s) = s**2 - 21*s + 120. Give v(0).
120
Let i(a) = a**3 - 26*a**2 - 114*a + 19. What is i(-4)?
-5
Let k(s) = -s**2 - 48*s - 35. Give k(-46).
57
Let m(k) = k**2 + 8*k - 904. What is m(-35)?
41
Let n(d) = -d**3 - 15*d**2 - 47*d - 8. Give n(-11).
25
Let x(p) = -p**2 + 30*p - 28. What is x(28)?
28
Let p(z) = -105*z + 2725. What is p(26)?
-5
Let h(k) = 4*k**2 - 6*k + 28. Give h(0).
28
Let x(o) = 13*o**2 + 303*o + 99. What is x(-23)?
7
Let p(a) = -a**3 - 8*a**2 + 19*a + 19. Give p(-10).
29
Let g(x) = 2*x**2 + 152*x - 1360. Determine g(8).
-16
Let k(j) = 3*j**2 - 66*j + 59. Give k(27).
464
Let b(w) = w**3 + 4*w**2 - 33*w - 93. Give b(-4).
39
Let y(j) = 3*j**2 + 7190*j + 14369. Determine y(-2).
1
Let q(f) = f**2 - 29*f - 375. What is q(35)?
-165
Let t(f) = -7*f**2 + 66*f - 6. Calculate t(9).
21
Let u(w) = -4*w - 309. Determine u(-38).
-157
Let v(d) = d**2 + 23*d - 82. What is v(3)?
-4
Let w(r) = r**3 + 3*r**2 + 18*r + 64. Calculate w(-3).
10
Let i(r) = 3*r**3 + 4*r**2 + 13*r - 40. Give i(3).
116
Let x(r) = 444*r + 405. What is x(-3)?
-927
Let s(c) = c**3 - 32*c**2 + 55*c + 114. Calculate s(30).
-36
Let h(g) = 4*g**3 + 87*g**2 - 35*g - 277. Determine h(-22).
9
Let c(f) = 5*f - 83. Give c(36).
97
Let i(p) = p**3 - 46*p**2 + 39*p - 1795. Determine i(46).
-1
Let b(z) = 60*z - 1881. What is b(33)?
99
Let j(l) = l - 73. Calculate j(-13).
-86
Let h(a) = -16*a**2 - 589*a + 115. What is h(-37)?
4
Let t(d) = d**3 - d**2 - 7*d + 30. Calculate t(-6).
-180
Let d(a) = 2*a**3 - 6*a**2 - 574*a + 3634. Give d(7).
8
Let y(t) = -11*t**2 + 147*t + 102. Calculate y(14).
4
Let q(w) = 94*w + 1828. Calculate q(-19).
42
Let s(u) = -44*u - 57. Calculate s(-6).
207
Let y(d) = -d**3 + 14*d**2 - 10*d + 119. Determine y(15).
-256
Let c(x) = x**3 + 64*x**2 + 122*x + 88. Determine c(-62).
212
Let f(n) = -n**3 - 48*n**2 + 96*n - 173. What is f(-50)?
27
Let o(f) = -f**2 + 57*f + 374. Determine o(-6).
-4
Let v(j) = 604*j + 1083. Give v(-2).
-125
Let v(h) = -20*h**2 - 7*h - 1. Determine v(-2).
-67
Let n(x) = 3838*x - 11531. Calculate n(3).
-17
Let o(h) = -287*h - 8032. Give o(-28).
4
Let n(c) = c**3 + 32*c**2 + 112*c + 33. Calculate n(-28).
33
Let y(a) = 9*a**2 - 963*a - 205. Determine y(107).
-205
Let m(c) = c**3 + 10*c**2 + 3*c + 8. Determine m(-10).
-22
Let n(i) = -382*i + 9. What is n(0)?
9
Let z(c) = -107*c**3 + 2*c**2 + 6*c - 7. What is z(1)?
-106
Let v(n) = n**3 - 18*n**2 + 17*n + 45. Give v(17).
45
Let u(b) = -191*b - 3335. What is u(-17)?
-88
Let f(m) = 3*m**2 - 14*m + 24. Determine f(6).
48
Let y(x) = x**2 - 30*x - 12. What is y(31)?
19
Let s(g) = g**2 - 20*g - 15. Give s(29).
246
Let o(y) = -y**3 + 11*y**2 - 15*y + 22. Calculate o(9).
49
Let g(f) = 2*f**2 - 19*f - 496. Calculate g(21).
-13
Let y(u) = -u**3 - 33*u**2 - 98*u + 28. What is y(-30)?
268
Let q(d) = -118*d - 986. Give q(-8).
-42
Let z(f) = -3*f**2 + 69*f + 421. Calculate z(-5).
1
Let w(d) = -d**3 + 58*d**2 + 186*d + 5. What is w(-3)?
-4
Let i(p) = -4*p**3 + 8*p**2 + 24*p + 67. Calculate i(-6).
1075
Let w(u) = 3*u**2 - 107*u - 181. Give w(37).
-33
Let l(d) = -2*d**3 + d**2 + 306*d + 178. What is l(0)?
178
Let t(d) = -d**2 - 548*d - 62983. Give t(-164).
-7
Let t(r) = r**2 - 7*r - 42. Determine t(18).
156
Let j(d) = d**2 + 41*d - 985. What is j(-58)?
1
Let l(i) = 9984*i + 49912. Give l(-5).
-8
Let r(p) = 194*p**2 - 20*p - 19. Determine r(-1).
195
Let z(m) = -3*m**2 - 79*m + 259. Determine z(3).
-5
Let x(n) = -n**3 - 19*n**2 + 212*n - 100. Determine x(-27).
8
Let l(x) = -12*x**2 - 443*x - 20. Give l(-37).
-57
Let t(d) = d**3 - 70*d**2 - 118*d + 3299. Calculate t(71).
-38
Let v(m) = 47*m + 681. Determine v(-14).
23
Let z(q) = 8*q**2 - 3*q - 10. Calculate z(-2).
28
Let b(d) = d**3 - 73*d**2 - 95*d + 1553. Give b(74).
-1
Let v(d) = -8*d**3 - 11*d**2 + d + 3. Calculate v(-2).
21
Let f(c) = 2*c**3 + 10*c**2 - 4*c - 10. Give f(-5).
10
Let k(b) = -b**3 + 14*b**2 + 50*b - 130. Give k(16).
158
Let m(d) = 51*d**2 - 6*d - 5. Give m(-1).
52
Let w(j) = j**3 - 19*j**2 - 25*j - 24. Determine w(20).
-124
Let a(c) = -7*c**2 - c + 1. Give a(1).
-7
Let n(q) = -118*q + 968. Determine n(9).
-94
Let c(x) = -x**2 - 55*x - 163. What is c(-49)?
131
Let y(n) = 9*n**2 - 104*n - 1044. Calculate y(18).
0
Let n(q) = 432*q - 45. Give n(1).
387
Let u(m) = m**2 + 621*m - 16195. What is u(25)?
-45
Let h(w) = 127*w + 137. Calculate h(-2).
-117
Let x(j) = 4*j**2 - 54*j + 40. What is x(3)?
-86
Let o(u) = -u**2 - 13*u + 35. What is o(-22)?
-163
Let w(d) = 4*d**3 - 1039*d**2 - 242*d - 4684. Calculate w(260).
-4
Let c(z) = -z**3 + 69*z**2 - 1057*z - 55. Calculate c(46).
-9
Let p(q) = 5*q**3 - 23*q**2 + 3*q + 30. Determine p(5).
95
Let z(w) = -268*w - 2385. Give z(-9).
27
Let x(u) = 18*u**2 + 1869*u - 312. Determine x(-104).
0
Let x(s) = -249*s - 9971. Calculate x(-40).
-11
Let l(a) = -a**3 + 68*a**2 - 567*a + 24. Give l(10).
154
Let i(g) = 9303*g + 102326. Give i(-11).
-7
Let f(i) = -i**2 - 123*i + 1634. Determine f(12).
14
Let p(r) = -30*r - 75. Calculate p(-1).
-45
Let k(x) = -27*x + 3324. Determine k(123).
3
Let q(d) = -29*d**2 + 89*d - 72. Give q(1).
-12
Let j(f) = 60*f + 2023. What is j(-34)?
-17
Let p(a) = -60*a - 417. What is p(-7)?
3
Let n(o) = -3*o**3 + 53*o**2 - 34*o + 13. Determine n(17).
13
Let t(y) = 20*y**3 + 117*y**2 - 24*y - 37. Determine t(-6).
-1
Let q(l) = 8*l + 670. Give q(-81).
22
Let x(u) = -u**2 + 83*u - 531. Calculate x(69).
435
Let n(a) = -4*a**2 - 22*a - 22. Calculate n(-6).
-34
Let s(w) = -w**2 - 116*w + 487. Determine s(4).
7
Let m(d) = 4*d**2 + 17*d - 12. Calculate m(5).
173
Let p(m) = -755*m - 1503. Determine p(-2).
7
Let w(a) = -34*a + 825. Determine w(23).
43
Let r(j) = 11